{"id":108,"date":"2025-12-03T06:49:51","date_gmt":"2025-12-03T05:49:51","guid":{"rendered":"https:\/\/riadalkarama.com\/?page_id=108"},"modified":"2025-12-03T18:30:55","modified_gmt":"2025-12-03T17:30:55","slug":"services","status":"publish","type":"page","link":"https:\/\/riadalkarama.com\/?page_id=108","title":{"rendered":"SERVICES"},"content":{"rendered":"\t\t<div data-elementor-type=\"wp-page\" data-elementor-id=\"108\" class=\"elementor elementor-108\">\n\t\t\t\t<div class=\"elementor-element elementor-element-7b83333 e-flex e-con-boxed e-con e-parent\" data-id=\"7b83333\" data-element_type=\"container\">\n\t\t\t\t\t<div class=\"e-con-inner\">\n\t\t\t\t<div class=\"elementor-element elementor-element-6b9080d elementor-widget elementor-widget-text-editor\" data-id=\"6b9080d\" data-element_type=\"widget\" data-widget_type=\"text-editor.default\">\n\t\t\t\t\t\t\t\t\t<p style=\"margin-bottom: 0px; line-height: 1.7em; letter-spacing: 0.02em; font-size: 15px; font-weight: 500; color: #333333; font-family: Hind; font-style: normal;\">&#8211; \u00c9laborer des programmes sur mesure pour individuels ou groupes avec location de tout type de v\u00e9hicule (voiture de tourisme avec ou sans chauffeur, minibus, autocar, 4\u00d74, quads\u2026)<\/p>\n<p style=\"margin-bottom: 0px; line-height: 1.7em; letter-spacing: 0.02em; font-size: 15px; font-weight: 500; color: #333333; font-family: Hind; font-style: normal;\">&#8211; \u00c9laborer des voyages personnalis\u00e9s au meilleur prix<br>&#8211; Organiser des d\u00eeners, banquets, cocktails, etc\u2026 sur la terrasse ou dans le patio, ainsi que des soir\u00e9es musicales \u00e0 th\u00e8me<br>&#8211; Massage au riad (30 \u20ac pour 1 heure de d\u00e9tente\u2026.Un d\u00e9lice ! Sur r\u00e9servation)<br>&#8211; Effectuer des visites guid\u00e9es de la ville avec un guide professionnel<\/p>\n<p style=\"margin-bottom: 0px; line-height: 1.7em; letter-spacing: 0.02em; font-size: 15px; font-weight: 500; color: #333333; font-family: Hind; font-style: normal;\">&#8211; Pr\u00e9parer vos itin\u00e9raires touristiques guid\u00e9s ou non, pour des excursions hors Marrakech<br>&#8211; Effectuer l\u2019ensemble de vos r\u00e9servations (location de voiture, hammams, restaurant, excursions\u2026)<br>&#8211; R\u00e9servation de d\u00e9parts de golf<\/p>\n<p><\/p>\n<div class=\"row\" style=\"margin-right: -15px; margin-left: -15px; color: #333333; font-family: Hind; font-size: 15px; letter-spacing: 0.196px;\">\n<div class=\"col-md-6\" style=\"position: relative; min-height: 1px; padding-right: 15px; padding-left: 15px; float: left; width: 600px;\">\n<h5 style=\"font-family: Montserrat; line-height: 1.5em; color: #232323; margin-bottom: 0px; font-size: 18.15px;\">Conditions d\u2019annulation<\/h5>\n<p><\/p>\n<ul style=\"margin-top: 0px; margin-bottom: 10px;\">\n<li style=\"padding-top: 5px; padding-bottom: 5px; font-weight: 500;\">21 jours avant l\u2019arriv\u00e9e : 1 nuit sera comptabilis\u00e9e<\/li>\n<li style=\"padding-top: 5px; padding-bottom: 5px; font-weight: 500;\">15 jours avant l\u2019arriv\u00e9e : 2 nuits seront comptabilis\u00e9es<\/li>\n<li style=\"padding-top: 5px; padding-bottom: 5px; font-weight: 500;\">7 jours avant l\u2019arriv\u00e9e : La totalit\u00e9 du s\u00e9jour sera comptabilis\u00e9<\/li>\n<li style=\"padding-top: 5px; padding-bottom: 5px; font-weight: 500;\">En cas de remboursement de l\u2019acompte : 20 \u20ac de commissions seront d\u00e9duits<\/li>\n<\/ul>\n<\/div>\n<\/div>\t\t\t\t\t\t\t\t<\/div>\n\t\t\t\t\t<\/div>\n\t\t\t\t<\/div>\n\t\t\t\t<\/div>\n\t\t","protected":false},"excerpt":{"rendered":"<p>&#8211; \u00c9laborer des programmes sur mesure pour individuels ou groupes avec location de tout type de v\u00e9hicule (voiture de tourisme [&hellip;]<\/p>\n","protected":false},"author":1,"featured_media":0,"parent":0,"menu_order":0,"comment_status":"closed","ping_status":"closed","template":"","meta":{"site-sidebar-layout":"no-sidebar","site-content-layout":"","ast-site-content-layout":"full-width-container","site-content-style":"default","site-sidebar-style":"default","ast-global-header-display":"","ast-banner-title-visibility":"","ast-main-header-display":"","ast-hfb-above-header-display":"","ast-hfb-below-header-display":"","ast-hfb-mobile-header-display":"","site-post-title":"","ast-breadcrumbs-content":"","ast-featured-img":"disabled","footer-sml-layout":"","theme-transparent-header-meta":"","adv-header-id-meta":"","stick-header-meta":"","header-above-stick-meta":"","header-main-stick-meta":"","header-below-stick-meta":"","astra-migrate-meta-layouts":"default","ast-page-background-enabled":"default","ast-page-background-meta":{"desktop":{"background-color":"var(--ast-global-color-5)","background-image":"","background-repeat":"repeat","background-position":"center center","background-size":"auto","background-attachment":"scroll","background-type":"","background-media":"","overlay-type":"","overlay-color":"","overlay-opacity":"","overlay-gradient":""},"tablet":{"background-color":"","background-image":"","background-repeat":"repeat","background-position":"center center","background-size":"auto","background-attachment":"scroll","background-type":"","background-media":"","overlay-type":"","overlay-color":"","overlay-opacity":"","overlay-gradient":""},"mobile":{"background-color":"","background-image":"","background-repeat":"repeat","background-position":"center center","background-size":"auto","background-attachment":"scroll","background-type":"","background-media":"","overlay-type":"","overlay-color":"","overlay-opacity":"","overlay-gradient":""}},"ast-content-background-meta":{"desktop":{"background-color":"var(--ast-global-color-4)","background-image":"","background-repeat":"repeat","background-position":"center center","background-size":"auto","background-attachment":"scroll","background-type":"","background-media":"","overlay-type":"","overlay-color":"","overlay-opacity":"","overlay-gradient":""},"tablet":{"background-color":"var(--ast-global-color-4)","background-image":"","background-repeat":"repeat","background-position":"center center","background-size":"auto","background-attachment":"scroll","background-type":"","background-media":"","overlay-type":"","overlay-color":"","overlay-opacity":"","overlay-gradient":""},"mobile":{"background-color":"var(--ast-global-color-4)","background-image":"","background-repeat":"repeat","background-position":"center center","background-size":"auto","background-attachment":"scroll","background-type":"","background-media":"","overlay-type":"","overlay-color":"","overlay-opacity":"","overlay-gradient":""}},"footnotes":""},"class_list":["post-108","page","type-page","status-publish","hentry"],"_links":{"self":[{"href":"https:\/\/riadalkarama.com\/index.php?rest_route=\/wp\/v2\/pages\/108","targetHints":{"allow":["GET"]}}],"collection":[{"href":"https:\/\/riadalkarama.com\/index.php?rest_route=\/wp\/v2\/pages"}],"about":[{"href":"https:\/\/riadalkarama.com\/index.php?rest_route=\/wp\/v2\/types\/page"}],"author":[{"embeddable":true,"href":"https:\/\/riadalkarama.com\/index.php?rest_route=\/wp\/v2\/users\/1"}],"replies":[{"embeddable":true,"href":"https:\/\/riadalkarama.com\/index.php?rest_route=%2Fwp%2Fv2%2Fcomments&post=108"}],"version-history":[{"count":7,"href":"https:\/\/riadalkarama.com\/index.php?rest_route=\/wp\/v2\/pages\/108\/revisions"}],"predecessor-version":[{"id":170,"href":"https:\/\/riadalkarama.com\/index.php?rest_route=\/wp\/v2\/pages\/108\/revisions\/170"}],"wp:attachment":[{"href":"https:\/\/riadalkarama.com\/index.php?rest_route=%2Fwp%2Fv2%2Fmedia&parent=108"}],"curies":[{"name":"wp","href":"https:\/\/api.w.org\/{rel}","templated":true}]}}